*h = -30. Suppose 15 = w + k. What is the highest common divisor of w and 54?
6
Let t be (-1 + -14)*(1 - (-11)/(-5)). What is the greatest common divisor of 279 and t?
9
Let u = 44 + -40. Let p(g) = g**3. Let n be p(2). What is the highest common factor of u and n?
4
Suppose 3*k + 11 - 63 = 5*p, -4*p = -4. Calculate the highest common divisor of k and 2432.
19
Let t(m) = -m**3 + 20*m**2 - 52*m + 26. Let q be t(15). What is the highest common divisor of q and 53?
53
Let c = -915 - -953. Calculate the greatest common factor of c and 779.
19
Let j be (0 - 19)*(-4 + 2). Suppose -4*y + 3*g = -1368, -y + g = 2*g - 342. Calculate the greatest common factor of y and j.
38
Suppose -9*u = -17 - 1333. What is the highest common factor of u and 12?
6
Let l(z) = 10*z - 26. Let t(q) = -3*q + 9. Let u(c) = 3*l(c) + 8*t(c). Let n be u(6). Let j = 54 - n. What is the highest common factor of j and 60?
12
Let x be 280 + 74/(-18) + (-2)/(-18). What is the greatest common divisor of x and 345?
69
Let r be (1 + 3)/(2/21). Let p(u) = 4*u - 6. Let c be p(3). What is the highest common factor of c and r?
6
Suppose t - 18 = -2*t. Suppose 0 = 3*j + 363 - 75. Let x = -42 - j. Calculate the highest common factor of t and x.
6
Suppose 2*w - 115 = -w + 4*j, -3*w - 3*j + 108 = 0. Let n be 2/((-2)/5) + w. Calculate the highest common divisor of n and 24.
8
Let f(k) = -2 + 9*k**2 - 8*k**3 - 2 + 6 + 9*k**3 + 9*k. Let w be f(-6). Calculate the highest common factor of 8 and w.
8
Suppose 210 = 6*y - 30. Calculate the greatest common factor of y and 344.
8
Let v be -13*(-3)/((-3)/(-1)). Let j be ((-12)/15 + 2)/(4/10). Suppose -f - f - 3*q = -35, 36 = j*f - q. What is the greatest common divisor of f and v?
13
Let a = 296 - -397. Calculate the greatest common divisor of 154 and a.
77
Suppose -6*y = -5 - 25. Suppose -1541 = -y*g + 574. Calculate the greatest common divisor of g and 47.
47
Let b(t) = -10*t - 13. Let w be b(-2). Let f(l) = l**2 + 2*l + 4. Let y be f(-3). What is the greatest common divisor of y and w?
7
Suppose -5*g + 7620 = -3*j, 4*g - 2*j - 4322 = 1772. Calculate the greatest common factor of 26 and g.
13
Let n = 1163 - 1153. Calculate the greatest common factor of n and 410.
10
Let q(g) = -g**3 + 13*g**2 - 8*g - 21. Suppose 5*d = x + 2*x - 21, 63 = 5*x + d. Let o be q(x). What is the greatest common divisor of o and 6?
3
Let u = 16 + -15. Let g be 50/15 - u/3. Suppose 6*y = g*y + 105. Calculate the highest common factor of y and 5.
5
Let s(j) = -19*j + 1. Let r be s(-2). Let w be (1*-39)/(-3) - (-1 + 1). Calculate the highest common factor of r and w.
13
Suppose -j + 80 + 60 = -5*z, 2*j - 335 = -z. What is the highest common factor of j and 45?
15
Suppose v + 15*v - 1104 = 0. Suppose 6*o = 39 + v. What is the greatest common factor of o and 36?
18
Let s = 3 - 3. Suppose -x + 10 - 1 = s. Let z = x - -7. Calculate the greatest common factor of 16 and z.
16
Let w(o) = 3*o**2 + 14*o - 12. Let i be w(-9). Let t(h) = -h**3 + 3*h**2 + 3*h - 3. Let n be t(-3). What is the greatest common factor of i and n?
21
Let v be -3 - (8/4 + -59). Let c = -13 - -11. Let y be -6*(0 + c + -1). What is the highest common factor of v and y?
18
Suppose 3*g + 33698 = -5*l, 0 = -3*g + 7*g - 5*l + 44989. Let o be g/(-15) - 9/(-15). Suppose 6*b - o = b. Calculate the highest common divisor of 30 and b.
30
Let c(z) = 2*z**2 - 8*z - 9. Let q be c(-4). Let d = 18 - 1. Suppose -5*t = -72 + d. Calculate the highest common divisor of t and q.
11
Let y(g) = 112*g - 16. Let d be y(5). What is the highest common divisor of d and 32?
32
Let s = 10 + -9. Let v be (-7)/7 - s*129. Let l = -22 - v. What is the highest common factor of 12 and l?
12
Suppose -25*b + 2750 = -1150. Calculate the greatest common divisor of 24 and b.
12
Let u(r) = -5*r + r**2 + 3 - r + 0*r**2 - 3*r. Let m be u(9). Suppose -m*y = -y - 20. What is the highest common divisor of 20 and y?
10
Suppose -h + 19 = -29. Calculate the greatest common divisor of h and 480.
48
Suppose 0*h - 87 = 2*h - 5*o, 4*o - 144 = 4*h. Let n = -21 - h. Calculate the greatest common factor of n and 40.
10
Suppose 0 = -4*u + 5*v + 746, 4*v + 0 = 8. Suppose 143*h - 135 = 138*h. What is the highest common divisor of h and u?
27
Let k be 6/4*(-8)/3. Let d be (-2 - -2)/2 - k. Let n(c) = -c**3 - 13*c**2 - 3*c + 5. Let f be n(-13). What is the highest common divisor of d and f?
4
Let j be ((-1443204)/90)/(-6) - (-2)/5. Calculate the highest common divisor of 66 and j.
33
Suppose -4*i + 11 + 9 = 0. Suppose -i*t + 137 = -213. What is the highest common factor of 28 and t?
14
Suppose 3*m = l + 8, 3*l + 3 + 9 = 5*m. Suppose 4*h - 134 = m*g, 0 = -0*g - 4*g - 8. Calculate the greatest common factor of h and 16.
16
Let v(h) be the first derivative of -5*h**2/2 - 3*h + 5. Let a be v(-1). Calculate the greatest common divisor of a and 16.
2
Let f = -9522 - -9526. Let p = -2 - -3. Suppose p - 27 = -2*w + c, 0 = -5*w + 5*c + 70. Calculate the greatest common divisor of w and f.
4
Suppose 2*f - 5*n = 19, -f + 4*f = -3*n - 3. Suppose -v + 3*s + 14 = 0, -6*v + 3*s = -f*v - 47. Calculate the highest common factor of v and 187.
11
Let k(n) = 13*n - 70. Let a be k(14). What is the highest common divisor of 84 and a?
28
Let d = -12 - -84. What is the highest common divisor of d and 252?
36
Let v(i) = 16*i - 2. Let f be v(1). Let m = 125 - 27. Calculate the greatest common factor of f and m.
14
Let o(p) = 13*p**3 - 4*p + 2. Let a be o(2). Calculate the greatest common factor of a and 42.
14
Suppose 2*w = 0, -5*z + 3*z + 5*w = 0. Suppose z = 3*y + 2*m - 14 - 20, 3*y = -3*m + 33. What is the greatest common divisor of y and 3?
3
Suppose -12*h + 5047 + 881 = 0. Calculate the greatest common factor of h and 26.
26
Let b = -6 - 3. Let y(a) = a + 16. Let x be y(b). What is the greatest common factor of x and 1?
1
Let m(s) = 7*s**2 + 37*s + 6. Let o be m(-7). What is the highest common divisor of o and 36?
18
Let f = 254 + -94. Suppose -10 = -5*i, -3*i + 78 = 2*w - 4*i. What is the greatest common divisor of f and w?
40
Suppose 19*v - 6420 = 268. What is the greatest common divisor of 128 and v?
32
Suppose -9*m + 44 = 2*m. Calculate the greatest common divisor of m and 64.
4
Let r = 488 + -308. Suppose -x + 32 = x + 2*o, 0 = -5*x + o + 104. Calculate the greatest common divisor of r and x.
20
Let r = -185 + 192. Calculate the highest common factor of r and 91.
7
Suppose 53*y = 52*y + 2. Let s(j) = -j**2 + 4*j - 2. Let f be s(2). Calculate the highest common divisor of f and y.
2
Suppose -6*i = 4*a - 698, 6*a = 3*i + 2*a - 373. What is the highest common divisor of 21 and i?
7
Let l(b) = -20*b + 308. Let q be l(-34). What is the highest common factor of q and 52?
52
Let u = 12 + -8. Let g(f) = 2*f**2 - 5*f + 2. Let d be g(u). Suppose 0 = 2*k - 4*z - d, -2*k = -z + 2*z + 1. What is the highest common divisor of 3 and k?
1
Suppose -8*z + 24 = 2*h - 6*z, 2*h - 19 = 3*z. What is the greatest common divisor of 2 and h?
1
Let x(a) = 4*a + 8. Let g be x(6). Suppose -9*r = 879 - 1095. What is the greatest common divisor of g and r?
8
Suppose -2*a - 8 = -40. Suppose 3*h - h - 16 = 0. Let p be (-450)/(-4) + (-4)/h. Calculate the highest common factor of a and p.
16
Suppose 5*j - 20 + 15 = 0. Let b(n) = 25*n**3 - n. Let u be b(j). What is the greatest common divisor of u and 216?
24
Suppose 3015 = 27*y + 40*y. Let t be 1/((-7)/(-60))*42. What is the highest common factor of t and y?
45
Let s(b) be the second derivative of -b**4/12 + 3*b**3/2 + 3*b**2 + 7*b. Let z be s(8). Suppose -z = r - 68. What is the greatest common divisor of r and 6?
6
Let d = 507 + -343. Calculate the greatest common divisor of d and 574.
82
Let r = 263 - 246. Calculate the greatest common factor of 544 and r.
17
Suppose -p = 5*h - 50, -3*h = -2*p - 31 + 1. What is the highest common factor of 25 and h?
5
Let p(q) = q**3 - q**2 - q - 18. Let k be p(0). Let v be (k - (-1 - -3))/1. Let i be (v/(-12))/(2/36). Calculate the highest common factor of 75 and i.
15
Let o be 2/14 + 1245/105 + 2. Calculate the greatest common factor of o and 182.
14
Let d = -323 + 345. What is the greatest common factor of d and 11?
11
Let z(g) = -g**2 - 53*g - 321. Let v be z(-46). What is the greatest common factor of 131 and v?
1
Let q = 25 + -6